 = 2*t**2 - t**2 + 0*t - t + 23. Let i be l(0). Let k be 18009/(-58)*(-4)/6. Calculate the greatest common divisor of i and k.
23
Let o(i) = 655*i + 41. Let r be o(1). Calculate the greatest common factor of r and 576.
24
Suppose 3*b - 3 - 54 = 0. Let g(k) = -11*k**2 + 45*k - 5. Let l be g(2). Let i = l - b. What is the greatest common divisor of 33 and i?
11
Let t be (0 - (-12 - 0)) + -5. Suppose 0 = -2*b + t*z - 6*z + 38, 5*z - 50 = -2*b. What is the highest common divisor of 16 and b?
4
Suppose 2*j = 84 - 78. Let h be 4/(-5)*((-271)/2 + j). What is the greatest common factor of 2 and h?
2
Let l(b) = -b. Let r(j) = -j**2 + 3*j + 13. Let m(c) = 5*l(c) - r(c). Let x be m(11). What is the highest common divisor of 40 and x?
20
Suppose 0 = 28*w + 15937 - 75521. What is the greatest common divisor of 7182 and w?
266
Let u be (0 - 4/14)/(1853/(-194565)). What is the highest common divisor of u and 1660?
10
Let q(j) = -15 - 3*j**2 + 4 + 2*j**2 + 11*j - 3. Let o be q(10). Let u be (15/o)/((-14)/56). Calculate the highest common divisor of u and 6.
3
Let t be -3 - -79*(27/(-3) + 10). Calculate the greatest common divisor of 76 and t.
76
Let l(y) = 2*y - 40. Let v be l(21). Suppose -12 = -v*z + 4. Let o be (0 - -25) + (-7)/7. What is the greatest common factor of z and o?
8
Suppose -d - d + 9*d = 0. Suppose 550*q - 547*q - 90 = d. Calculate the greatest common divisor of 45 and q.
15
Let z = -4109 - -4133. Calculate the highest common factor of z and 1380.
12
Let k = 29833 + -20446. What is the highest common factor of 63 and k?
63
Let z = -3119 - -3236. What is the greatest common factor of 234 and z?
117
Let z(u) = -34*u - 11 + 18 + 16 - 2*u**2. Let a be z(-17). What is the highest common factor of 2 and a?
1
Let n = 391 + -370. Let x be (-238)/n*(-3)/2. What is the highest common divisor of 85 and x?
17
Let k(p) be the first derivative of -p**4/4 - 7*p**3/3 + 5*p**2/2 + 5*p - 10. Let o be k(-8). Let b = -19 - -48. What is the highest common divisor of o and b?
29
Suppose 1373396*o + 432 = 1373404*o. Let x be (-2)/((-4)/394) - -1. What is the highest common divisor of o and x?
18
Let z(c) = c**3 - 10*c**2 + c - 12. Let l be z(10). Let k(w) = 6*w**2 + 6*w + 14. Let d be k(l). Calculate the greatest common factor of d and 65.
13
Let c(g) = -209*g - 2675. Let t be c(-13). What is the highest common divisor of t and 11200?
14
Let q(b) = -b**3 - 4*b**2 - 12*b + 64. Let p be q(-27). Calculate the greatest common divisor of p and 235.
235
Let g = -135 + 149. Suppose -g*h - 8*h + 154 = 0. Calculate the highest common factor of h and 7.
7
Let x(z) = -7*z + 0*z - 15*z + 3*z**2 + 30. Let u be x(10). What is the highest common factor of 22 and u?
22
Let a be 10252/154 - ((-22)/(-14) - 1). Suppose -3*i + 104 = -2*b, 2*i + b - a = 3*b. Let k = 120 - 118. What is the greatest common factor of k and i?
2
Suppose 148*z = 144*z - 3*s + 54, 0 = -3*z - 4*s + 44. Calculate the highest common divisor of z and 156.
12
Let r = 206 + -203. Suppose -r*y = -12*y + 441. What is the greatest common factor of 147 and y?
49
Let m(k) = -25*k**2 - 2076*k - 156. Let n be m(-63). What is the greatest common divisor of 87 and n?
87
Let y(n) = -n**2 + 17*n - 51. Let a be y(0). Let f = 35 - -60. Let k = a + f. What is the greatest common divisor of k and 33?
11
Suppose 3*v + 2*n - 1877 - 8091 = 0, -5*v + 16616 = 3*n. Calculate the highest common factor of v and 195.
13
Let k = 23 - 20. Suppose -4*x - 427 = x - k*o, -3*o + 261 = -3*x. Let t = x - -258. Calculate the greatest common factor of t and 35.
35
Suppose 18*b - 454 = -254 + 2392. What is the greatest common divisor of 13968 and b?
144
Let s(w) = -6*w - 10. Let x be s(-5). Suppose -3*i + 8*i = x. Let r be (-15)/(-20) + (-303)/(-12) - i. Calculate the greatest common divisor of r and 33.
11
Let t be (-4 - -8) + 249 + 48/6. What is the greatest common factor of t and 36?
9
Suppose -c + 10 = 9*c. Let r be 6 - 224/36 - 138*(-6)/81. What is the highest common factor of r and c?
1
Suppose 95*a + 23*a = 28*a + 44550. Calculate the greatest common divisor of 1260 and a.
45
Suppose -4*j = -5*d - 5*j + 849, j = 2*d - 348. Let c(t) = 3*t**3 - 5*t**2 - 2*t - 12. Let o be c(5). What is the highest common divisor of d and o?
57
Let t be (1/(-1) - 14/7) + 9. Let q(k) = 9*k - 7 - 1 - 3*k**2 + k**3 + 0. Let h be q(t). Calculate the highest common factor of 14 and h.
14
Let l(x) = x**3 - 55*x**2 + 647*x - 31. Let b be l(38). Suppose 0 = t + 2*t - 21. What is the greatest common divisor of t and b?
7
Suppose 3*a - 6 = 18. Let r be 6/(-7)*(-105)/30. Suppose -r*h + 2*h = -a. Calculate the greatest common factor of 8 and h.
8
Let s(c) = -16*c**2 - 15*c + 34*c**2 + 3*c + 26. Let h be s(4). What is the highest common divisor of h and 7?
7
Let y = 2313 - 2188. What is the highest common divisor of y and 1050?
25
Suppose 5*n + 5*a - 110 = 0, 309*n - 312*n - 2*a = -70. Calculate the greatest common factor of 2 and n.
2
Let h be 2*1*(-31)/(-2). Let c(j) = 21*j + 136. Let p be c(-6). Suppose 15*x - p*x = 930. Calculate the highest common factor of x and h.
31
Let z = -1907 + 1919. Calculate the greatest common divisor of 1068 and z.
12
Let w = -16540 + 16556. Calculate the highest common factor of 6128 and w.
16
Let g(h) = 5*h. Let b be g(8). Let d = 169 + b. What is the greatest common factor of 19 and d?
19
Let b(p) = p**3 - 31*p**2 - 99*p - 76. Let t be b(34). What is the highest common divisor of t and 5213?
13
Let y be (-1)/9 - 2/18*-3313. What is the highest common divisor of y and 253?
23
Let w = -438 - -538. Suppose 38*p = 48*p - w. Let q = 74 + 96. What is the highest common divisor of q and p?
10
Let x = -6 + 51. Suppose -2*o - 33 = -7*o + 4*c, x = 4*o + 3*c. Calculate the greatest common factor of o and 243.
9
Let p(d) = 4*d**2 + 13*d - 4. Let z be -6 + 6 + -1 + -5. Let g be p(z). What is the greatest common divisor of 155 and g?
31
Let l be 2332/28 - (-1)/7*-2. Let v(q) = q**3 + 13*q**2 - 12*q + 29. Let t be v(-14). What is the greatest common factor of t and l?
1
Let r be 8/22 - 69408936/(-4499). Calculate the highest common factor of 112 and r.
28
Let o(l) = -l - 6 + 2 - l**2 - 12 - 7*l. Let c be o(-4). Let n be ((-32)/(-1))/(c - (-2)/6). Calculate the highest common factor of n and 12.
12
Let j be (2 - 0) + (19 - 5). Suppose 120 = 4*c - 232. What is the highest common factor of c and j?
8
Suppose -47*l + 53*l = 702. Suppose 5*m + 47 = 92. Calculate the highest common divisor of m and l.
9
Let h(l) = 2*l**3 + 14*l**2 - 17*l - 4. Let x be h(-7). Let y = x + -100. Calculate the highest common factor of y and 20.
5
Let u(x) = 2*x**2 + 19*x - 45. Let w be u(-38). Suppose -4*s + 79 = 5*v, -2*s + 233*v + 44 = 231*v. Calculate the greatest common divisor of w and s.
21
Let u be 4/54 - 8/(4968/(-9269)). Calculate the highest common divisor of u and 2700.
15
Let c = 11407 - 11385. Let v(p) = p**2 - 6*p + 6. Let u be v(6). Suppose -u*r = -2*r - 44. What is the greatest common divisor of c and r?
11
Let o be 25/10*16/(-10). Let c be 22*(63/(-18) - o). Calculate the greatest common factor of 1507 and c.
11
Let y = -9 - -48. Suppose 0 = -2*n - y + 279. Suppose 3*q - 16 - 128 = 0. What is the highest common divisor of n and q?
24
Let i = -2628 - -5493. What is the greatest common divisor of i and 15?
15
Suppose 0 = -4*t + 246 - 66. Suppose 81 = -6*s - t. Let l be (-182)/(-10) + s/105. What is the highest common divisor of 42 and l?
6
Let w(g) = 22*g**2 - 1825*g + 182. Let s be w(83). Calculate the highest common factor of s and 2756.
53
Let p(s) = 16*s - 437. Let u be p(42). Calculate the highest common divisor of 17155 and u.
235
Let q = -8 - -15. Suppose 3*z + 6 + q = r, 5*r - 5*z - 25 = 0. Suppose -4*o = -4*b + 19 + 1, o = -2*b + 10. What is the greatest common factor of r and b?
1
Suppose 4*m = -f + 98, -5*f = -21*m + 22*m - 471. Calculate the highest common factor of 2256 and f.
94
Let t = 56 - -14. Let v(j) = j + 11. Let f be v(-7). Suppose -4*a - f*n = -92, -a + 4*a - 79 = -n. Calculate the greatest common divisor of a and t.
14
Let g(j) = j**3 - 4*j**2 - 8*j + 26. Let n(l) = -l + 23. Let q be n(8). Suppose -5 = 2*p - q. Let k be g(p). What is the greatest common factor of k and 66?
11
Let q(d) = 34*d - 38. Let k be q(4). Suppose -4*v = -3*o + 359